/(-4))/((2/(-18))/(6/36)). What is the highest common divisor of t and 17?
1
Suppose 5*u - 2*y - 166 = 2*y, 3*y - 48 = -2*u. Let g be 42/2 + 7 + -5. Let a = u - g. What is the greatest common divisor of 1 and a?
1
Let j = 111 + -108. Let n be ((-322)/(-5))/(4/30*j). Suppose -h = -3*h + 46. Calculate the highest common divisor of n and h.
23
Let u = -14969 + 15213. What is the greatest common factor of u and 20?
4
Suppose -26*a + 20*a = -126. Let r be 132/(-10)*(-1 - 49/a). Let i = -5 - -16. Calculate the greatest common factor of r and i.
11
Suppose 0 = -6*w + 32*w - 884. Let c = w - 28. Let i be (6*-6)/(-2 - -1). Calculate the highest common factor of i and c.
6
Let g = -9162 + 10077. What is the highest common divisor of g and 240?
15
Suppose 36*p - 41*p + 3*c = -26463, -4*c = 4. What is the greatest common divisor of p and 2?
2
Let c(x) = -47*x - 2079. Let s be c(-49). Calculate the highest common divisor of s and 252.
28
Let a(m) = m**3 + 8*m**2 - 1. Let v be a(-8). Let l be (-8)/(3 + v) - -79. Let x be ((-28)/12 - -1)*l*-1. Calculate the greatest common factor of x and 25.
25
Let h(g) be the first derivative of -35*g**2/2 - 17*g + 75. Let l be h(-1). Calculate the highest common factor of 198 and l.
18
Let z(i) be the first derivative of 2*i**4 - i**3/3 + 66. Let t be z(1). Calculate the greatest common divisor of 35 and t.
7
Let f = 49 - 47. Suppose 4*s - 3*s = -f*s. Suppose s*p - 5*p + 650 = 0. Calculate the greatest common divisor of p and 10.
10
Let y(d) be the third derivative of 7*d**5/60 + d**4/6 - 12*d**3 + d**2 - 13. Let x be y(6). Calculate the highest common factor of x and 68.
68
Let g be -2*(9 + 390/(-20)). Let o(d) = 5*d**2 + 4 - 3*d**2 + 2 - d**2 + 6*d. Let s be o(-6). What is the highest common divisor of s and g?
3
Let h be 4/(-18) + 4*(-22)/9. Let s be (72/h)/((-24)/1280). Calculate the greatest common factor of 24 and s.
24
Suppose -128*h + 136458 = 233*h. Calculate the greatest common divisor of h and 11151.
189
Let f(z) = 2*z**2 + 2*z + 4. Let p be f(-4). Let y = 247 + -233. Suppose 224 = y*j + 2*j. What is the highest common factor of j and p?
14
Let z = -584 - -583. Let r be (64 - -48) + 4 + z. What is the highest common factor of 161 and r?
23
Let l(n) = n**3 - 25*n**2 + 15*n + 33. Let z be l(24). Let d = 202 + z. Calculate the greatest common divisor of d and 95.
19
Let u be ((-2)/(-35))/(32/(-224)) - (-262)/5. What is the highest common divisor of 1937 and u?
13
Let d(b) = 8*b**2 + 2*b + 199. Let p be d(12). What is the greatest common divisor of p and 220?
55
Let f be (15 - -3) + (-3)/1 + 2. Suppose 22*i = 55*i - 561. Calculate the greatest common factor of f and i.
17
Suppose 131*s - 27216 = -31*s. What is the highest common factor of s and 264?
24
Suppose -6*x + x = 4*m - 178, 4*x - 143 = -3*m. Let h = 154 + -135. Calculate the greatest common factor of h and x.
19
Let l = 22569 - 22344. Suppose -83 - 7 = -2*r. Calculate the greatest common divisor of r and l.
45
Let t = -678 - -1683. Suppose -5*b = 3*r - t, r + 964 = 4*b + 143. Calculate the greatest common divisor of b and 255.
51
Suppose 3*f = 5*x + 4*f - 50752, 0 = -x + 3*f + 10128. What is the greatest common divisor of x and 51?
51
Let b(s) = -25*s**3 + s**2 + 3*s + 2. Let m be b(-1). Let w = m - 20. Let k be (-6)/(-4)*840/63. Calculate the highest common factor of k and w.
5
Suppose 67 = 5*n + 52, -5*n - 159 = -2*g. Calculate the greatest common divisor of 29 and g.
29
Suppose 0 = -4*d + 5*v + 917, 3*d + 2*d - 3*v = 1130. Let m = d - 215. Let n = 27 + -3. What is the greatest common divisor of n and m?
8
Suppose -20511 = -5*d - p, 66*p - 64*p + 8 = 0. Calculate the greatest common factor of 77 and d.
11
Let b(d) = -d**2 + 3*d + 18. Let y be b(-6). Let n be 13/156 + (-501)/y. What is the greatest common factor of n and 378?
14
Suppose -40*q - 2*a = -43*q + 3070, 5*a + 2043 = 2*q. What is the greatest common divisor of q and 12?
4
Let s be (-1 + -1)*((-4 - -7) + (-253)/2). What is the greatest common factor of 228 and s?
19
Let q = -676 + 876. Suppose 2*i = 8, -5*i - q = -4*a - 3*i. What is the greatest common factor of 2 and a?
2
Suppose -2*o - 46 = -4*j + 3*o, -5*j = 5*o - 80. Suppose 3*r - 11 = -5. Suppose 0 = -4*b + r*b + 196. Calculate the highest common factor of b and j.
14
Let x(g) = -27*g + 319. Let m be x(7). Calculate the highest common divisor of m and 190.
10
Let p = 501 + 199. Calculate the greatest common divisor of 245 and p.
35
Suppose 19*a + 18*a = 26*a + 660. Suppose 2*w = -i + 1 + 86, -4*w + 186 = -2*i. What is the greatest common divisor of a and w?
15
Let k = 566 - 541. Let q be 5/(k*(-2)/(-410)). What is the highest common factor of 2 and q?
1
Suppose -4*h + 24 = -36. Suppose 3*u + 9 - h = 0. Suppose u*t + 13 = 25. What is the greatest common factor of 2 and t?
2
Let y be 13/(-3) - 46/69. Let l be (-540)/(-25) + 3 + 13/y. Calculate the highest common divisor of l and 77.
11
Suppose -8*w + 21 = 5. Suppose -2*u = w, 4*v + u - 3*u = 26. What is the greatest common divisor of 6 and v?
6
Let p(x) = -x**2 - 497*x - 10843. Let j be p(-23). Suppose 593 = 2*t + 121. What is the greatest common divisor of j and t?
59
Suppose -37*s + 679 + 505 = 0. Suppose s*t - 2*t - 90 = 0. Calculate the greatest common factor of t and 339.
3
Let l(d) = -2*d**3 - 96*d**2 + 4*d + 199. Let r be l(-48). Calculate the greatest common divisor of 889 and r.
7
Let v = 5932 + -5855. Let i be (112/35)/(4/110). Calculate the highest common divisor of v and i.
11
Let q be (6/(-4) + 1)*(-120)/3. Let t = q + -18. Suppose 5*d - 3*u = 68, -2*d - t*u = -21 - 19. What is the highest common divisor of 40 and d?
8
Let b be ((-209)/(-2))/(-11)*(2 - 6). Let v(k) = -11*k + 29. Let r be v(-6). Calculate the greatest common divisor of r and b.
19
Let y = 4418 - 2743. Calculate the greatest common factor of y and 225.
25
Let x be -3 - (3 + 1315/(6 + -1)). Let w = x - -281. Calculate the greatest common divisor of 33 and w.
3
Let y(g) = -g**3 - 6*g**2 - 6*g. Let q be y(-5). Suppose 36*c = -39*c + 675. Suppose -q*w + 6 = -c. What is the highest common divisor of 3 and w?
3
Let h be 137 - -16173 - (-2 - -30). Calculate the highest common factor of h and 14.
14
Suppose -103*h + 196*h + 4556 = 127*h. Calculate the highest common factor of h and 3350.
134
Let k be (-6477)/(-68) + 2/(-8). Suppose 32 = 4*x - 0*x. Suppose x*p = 3*p + 95. Calculate the highest common divisor of p and k.
19
Let u = 484 - -349. What is the greatest common factor of 343 and u?
49
Let c be ((-1)/(-1))/((-1)/(-39)). Suppose c = -17*p + 30*p. Suppose -4*k - p*f + 602 = 0, -22 = k - 2*f - 178. Calculate the highest common factor of 38 and k.
38
Let j be (-9)/4*(-8968)/177. Calculate the highest common factor of j and 304.
38
Let r(n) = -54*n + 443. Let w be r(8). Calculate the greatest common divisor of w and 341.
11
Let b be (3 + 16)/(-7 + 8). Suppose 130*z - 48*z - 29602 = 0. Calculate the highest common divisor of z and b.
19
Let v(b) = 4*b**3 + 21*b**2 + 30*b + 74. Let f be v(17). Suppose 2385 = -13*p + f. Calculate the greatest common factor of 115 and p.
115
Suppose -9*j + 18*j = 2961. Let s = 367 - j. Calculate the highest common factor of 247 and s.
19
Let a = -30 - -51. Let k(x) = -8*x + 2. Let y be k(1). Let q(w) = w**2 + 7*w + 9. Let u be q(y). What is the greatest common factor of a and u?
3
Let x be (-336)/(-18)*(-1 - (-501)/(-12))/(-3). Calculate the greatest common divisor of x and 76.
38
Let x(f) = -f**2 - 38*f + 220. Let p be x(-28). What is the highest common factor of p and 4?
4
Let n(s) = s**3 + s**2 - s + 13. Let t be n(0). Let i(x) = 1321*x - 66448. Let a be i(51). Calculate the greatest common factor of t and a.
13
Let s be (7*243/9)/1. Calculate the greatest common divisor of s and 252.
63
Let d be 1/2*(2 + -2). Let n be (8 + 168/(-16))/((-30)/36). Suppose 0 = -r + 4*c + n + 5, 5*r - 2*c - 130 = d. What is the highest common factor of 4 and r?
4
Let j be 88/8 - (-32574 + (4 - -1)). Calculate the greatest common divisor of 60 and j.
60
Suppose 4*n = -1177*u + 1176*u + 77, -2*u - 4*n + 110 = 0. Let j(o) = o**3 - 4*o**2 - o + 5. Let r be j(4). Calculate the greatest common factor of r and u.
1
Suppose -6*o - 76 = -832. Let y = -51 - -50. Let h be y - ((0 - 2) + -41). What is the greatest co